{"id":20,"date":"2018-08-19T00:28:40","date_gmt":"2018-08-19T00:28:40","guid":{"rendered":"http:\/\/letra.unileon.es\/?page_id=20"},"modified":"2018-08-21T09:38:18","modified_gmt":"2018-08-21T09:38:18","slug":"inicio-proyecto-letra","status":"publish","type":"page","link":"https:\/\/letra.unileon.es\/","title":{"rendered":"Inicio &#8211; Proyecto LETRA"},"content":{"rendered":"<p>[et_pb_section bb_built=\u00bb1&#8243; fullwidth=\u00bbon\u00bb specialty=\u00bboff\u00bb next_background_color=\u00bb#000000&#8243;][et_pb_fullwidth_image _builder_version=\u00bb3.12.2&#8243; src=\u00bbhttps:\/\/letra.unileon.es\/wp-content\/uploads\/2018\/08\/CapturaPortada.png\u00bb \/][\/et_pb_section][et_pb_section bb_built=\u00bb1&#8243; fullwidth=\u00bboff\u00bb specialty=\u00bbon\u00bb prev_background_color=\u00bb#000000&#8243;][et_pb_column type=\u00bb3_4&#8243; specialty_columns=\u00bb3&#8243;][et_pb_row_inner admin_label=\u00bbFila\u00bb][et_pb_column_inner type=\u00bb4_4&#8243; saved_specialty_column_type=\u00bb3_4&#8243;][et_pb_text _builder_version=\u00bb3.12.2&#8243;]<\/p>\n<h1>Grupo de investigaci\u00f3n LETRA<\/h1>\n<p>El Grupo de investigaci\u00f3n reconocido por la Junta de Castilla y Le\u00f3n denominado LETRA, es un grupo de investigaci\u00f3n de la Universidad de Le\u00f3n dedicado al estudio de la Literatura espa\u00f1ola y de la Tradici\u00f3n cl\u00e1sica.<\/p>\n<p>[\/et_pb_text][et_pb_button _builder_version=\u00bb3.12.2&#8243; button_text=\u00bbSaber m\u00e1s\u00bb button_url=\u00bbhttps:\/\/letra.unileon.es\/?page_id=30&#8243; button_alignment=\u00bbleft\u00bb \/][\/et_pb_column_inner][\/et_pb_row_inner][et_pb_row_inner admin_label=\u00bbFila\u00bb _builder_version=\u00bb3.12.2&#8243; custom_margin=\u00bb||0px|\u00bb custom_padding=\u00bb||0px|\u00bb][et_pb_column_inner type=\u00bb2_3&#8243; saved_specialty_column_type=\u00bb3_4&#8243;][et_pb_text _builder_version=\u00bb3.12.2&#8243;]<\/p>\n<h3>Proyecto Diccionario en l\u00ednea de autores literarios de Castilla y Le\u00f3n<\/h3>\n<p>El objetivo principal de este proyecto es crear un Diccionario en forma de una base de datos en l\u00ednea que re\u00fana la informaci\u00f3n relativa a los autores literarios y obras an\u00f3nimas de la Comunidad de Castilla y Le\u00f3n desde la Edad Media hasta el siglo XX.<\/p>\n<p>El proyecto abarca a los autores vinculados a sus territorios por nacimiento o por haber desarrollado en ellos su vida o su obra, tanto a los que escriben en espa\u00f1ol como en lat\u00edn.<\/p>\n<p>[\/et_pb_text][\/et_pb_column_inner][et_pb_column_inner type=\u00bb1_3&#8243; saved_specialty_column_type=\u00bb3_4&#8243;][et_pb_image _builder_version=\u00bb3.12.2&#8243; src=\u00bbhttps:\/\/letra.unileon.es\/wp-content\/uploads\/2018\/08\/Captura11.png\u00bb \/][\/et_pb_column_inner][\/et_pb_row_inner][et_pb_row_inner admin_label=\u00bbFila\u00bb _builder_version=\u00bb3.12.2&#8243; custom_margin=\u00bb0px|||\u00bb custom_padding=\u00bb0px|||\u00bb][et_pb_column_inner type=\u00bb4_4&#8243; saved_specialty_column_type=\u00bb3_4&#8243;][et_pb_button _builder_version=\u00bb3.12.2&#8243; button_text=\u00bbAcceder al Diccionario\u00bb button_url=\u00bbhttps:\/\/letra.unileon.es\/?page_id=32&#8243; button_alignment=\u00bbleft\u00bb \/][\/et_pb_column_inner][\/et_pb_row_inner][et_pb_row_inner admin_label=\u00bbFila\u00bb][et_pb_column_inner type=\u00bb4_4&#8243; saved_specialty_column_type=\u00bb3_4&#8243;][et_pb_text _builder_version=\u00bb3.12.2&#8243;]<\/p>\n<h1>Patrocinadores<\/h1>\n<p>[\/et_pb_text][\/et_pb_column_inner][\/et_pb_row_inner][et_pb_row_inner admin_label=\u00bbFila\u00bb][et_pb_column_inner type=\u00bb1_2&#8243; saved_specialty_column_type=\u00bb3_4&#8243;][et_pb_image _builder_version=\u00bb3.12.2&#8243; src=\u00bbhttps:\/\/letra.unileon.es\/wp-content\/uploads\/2018\/08\/Logotipo_de_la_Junta_de_Castilla_y_Le\u00f3n.svg_.png\u00bb max_width=\u00bb77%\u00bb align=\u00bbcenter\u00bb \/][\/et_pb_column_inner][et_pb_column_inner type=\u00bb1_2&#8243; saved_specialty_column_type=\u00bb3_4&#8243;][et_pb_image _builder_version=\u00bb3.12.2&#8243; src=\u00bbhttps:\/\/letra.unileon.es\/wp-content\/uploads\/2018\/08\/logo-vector-universidad-leon.jpg\u00bb align=\u00bbright\u00bb \/][\/et_pb_column_inner][\/et_pb_row_inner][et_pb_row_inner admin_label=\u00bbFila\u00bb _builder_version=\u00bb3.12.2&#8243; gutter_width=\u00bb1&#8243; custom_margin=\u00bb|||0px\u00bb custom_padding=\u00bb|||0px\u00bb padding_left_1=\u00bb0px\u00bb][et_pb_column_inner type=\u00bb4_4&#8243; saved_specialty_column_type=\u00bb3_4&#8243;][et_pb_image _builder_version=\u00bb3.12.2&#8243; src=\u00bbhttps:\/\/letra.unileon.es\/wp-content\/uploads\/2018\/08\/Logos-uni-patrocinios.jpg\u00bb \/][\/et_pb_column_inner][\/et_pb_row_inner][\/et_pb_column][et_pb_column type=\u00bb1_4&#8243;][et_pb_sidebar _builder_version=\u00bb3.12.2&#8243; area=\u00bbsidebar-1&#8243; orientation=\u00bbright\u00bb \/][\/et_pb_column][\/et_pb_section]<\/p>\n","protected":false},"excerpt":{"rendered":"<p>Grupo de investigaci\u00f3n LETRA El Grupo de investigaci\u00f3n reconocido por la Junta de Castilla y Le\u00f3n denominado LETRA, es un grupo de investigaci\u00f3n de la Universidad de Le\u00f3n dedicado al estudio de la Literatura espa\u00f1ola y de la Tradici\u00f3n cl\u00e1sica. Proyecto Diccionario en l\u00ednea de autores literarios de Castilla y Le\u00f3n El objetivo principal de [&hellip;]<\/p>\n","protected":false},"author":2,"featured_media":0,"parent":0,"menu_order":0,"comment_status":"closed","ping_status":"closed","template":"","meta":{"_et_pb_use_builder":"on","_et_pb_old_content":"","_et_gb_content_width":""},"acf":[],"_links":{"self":[{"href":"https:\/\/letra.unileon.es\/index.php?rest_route=\/wp\/v2\/pages\/20"}],"collection":[{"href":"https:\/\/letra.unileon.es\/index.php?rest_route=\/wp\/v2\/pages"}],"about":[{"href":"https:\/\/letra.unileon.es\/index.php?rest_route=\/wp\/v2\/types\/page"}],"author":[{"embeddable":true,"href":"https:\/\/letra.unileon.es\/index.php?rest_route=\/wp\/v2\/users\/2"}],"replies":[{"embeddable":true,"href":"https:\/\/letra.unileon.es\/index.php?rest_route=%2Fwp%2Fv2%2Fcomments&post=20"}],"version-history":[{"count":14,"href":"https:\/\/letra.unileon.es\/index.php?rest_route=\/wp\/v2\/pages\/20\/revisions"}],"predecessor-version":[{"id":136,"href":"https:\/\/letra.unileon.es\/index.php?rest_route=\/wp\/v2\/pages\/20\/revisions\/136"}],"wp:attachment":[{"href":"https:\/\/letra.unileon.es\/index.php?rest_route=%2Fwp%2Fv2%2Fmedia&parent=20"}],"curies":[{"name":"wp","href":"https:\/\/api.w.org\/{rel}","templated":true}]}}