{"id":85,"date":"2018-08-21T07:29:10","date_gmt":"2018-08-21T07:29:10","guid":{"rendered":"http:\/\/letra.unileon.es\/?page_id=85"},"modified":"2022-06-01T11:50:42","modified_gmt":"2022-06-01T11:50:42","slug":"contacto","status":"publish","type":"page","link":"https:\/\/letra.unileon.es\/?page_id=85","title":{"rendered":"Contacto"},"content":{"rendered":"<p>[et_pb_section fb_built=\u00bb1&#8243; _builder_version=\u00bb3.22&#8243;][et_pb_row _builder_version=\u00bb3.25&#8243; background_size=\u00bbinitial\u00bb background_position=\u00bbtop_left\u00bb background_repeat=\u00bbrepeat\u00bb column_structure=\u00bb1_3,2_3&#8243;][et_pb_column type=\u00bb1_3&#8243; _builder_version=\u00bb3.25&#8243; custom_padding=\u00bb|||\u00bb custom_padding__hover=\u00bb|||\u00bb][et_pb_text _builder_version=\u00bb4.4.8&#8243; hover_enabled=\u00bb0&#8243;]<\/p>\n<h1>Contacto<\/h1>\n<p>&nbsp;<\/p>\n<p>Correo:\u00a0<a href=\"mailto:patrimonioliterario@unileon.es\">patrimonioliterario@unileon.es<\/a><\/p>\n<p>Departamento de Filolog\u00eda Hisp\u00e1nica y Cl\u00e1sica<\/p>\n<p>Facultad de Filosof\u00eda y Letras<\/p>\n<p>Universidad de Le\u00f3n<\/p>\n<p>Campus de Vegazana, s.n.<\/p>\n<p>24071 Le\u00f3n<\/p>\n<p>Espa\u00f1a<\/p>\n<p>[\/et_pb_text][\/et_pb_column][et_pb_column type=\u00bb2_3&#8243; _builder_version=\u00bb3.25&#8243; custom_padding=\u00bb|||\u00bb custom_padding__hover=\u00bb|||\u00bb][et_pb_image src=\u00bbhttps:\/\/letra.unileon.es\/wp-content\/uploads\/2019\/07\/LETRA-contacto.jpg\u00bb align_tablet=\u00bbcenter\u00bb align_last_edited=\u00bbon|desktop\u00bb _builder_version=\u00bb3.23&#8243; max_width=\u00bb85%\u00bb][\/et_pb_image][\/et_pb_column][\/et_pb_row][\/et_pb_section]<\/p>\n","protected":false},"excerpt":{"rendered":"<p>Contacto &nbsp; Correo:\u00a0patrimonioliterario@unileon.es Departamento de Filolog\u00eda Hisp\u00e1nica y Cl\u00e1sica Facultad de Filosof\u00eda y Letras Universidad de Le\u00f3n Campus de Vegazana, s.n. 24071 Le\u00f3n Espa\u00f1a<\/p>\n","protected":false},"author":2,"featured_media":0,"parent":0,"menu_order":0,"comment_status":"closed","ping_status":"closed","template":"","meta":{"_et_pb_use_builder":"on","_et_pb_old_content":"","_et_gb_content_width":""},"acf":[],"_links":{"self":[{"href":"https:\/\/letra.unileon.es\/index.php?rest_route=\/wp\/v2\/pages\/85"}],"collection":[{"href":"https:\/\/letra.unileon.es\/index.php?rest_route=\/wp\/v2\/pages"}],"about":[{"href":"https:\/\/letra.unileon.es\/index.php?rest_route=\/wp\/v2\/types\/page"}],"author":[{"embeddable":true,"href":"https:\/\/letra.unileon.es\/index.php?rest_route=\/wp\/v2\/users\/2"}],"replies":[{"embeddable":true,"href":"https:\/\/letra.unileon.es\/index.php?rest_route=%2Fwp%2Fv2%2Fcomments&post=85"}],"version-history":[{"count":4,"href":"https:\/\/letra.unileon.es\/index.php?rest_route=\/wp\/v2\/pages\/85\/revisions"}],"predecessor-version":[{"id":1150,"href":"https:\/\/letra.unileon.es\/index.php?rest_route=\/wp\/v2\/pages\/85\/revisions\/1150"}],"wp:attachment":[{"href":"https:\/\/letra.unileon.es\/index.php?rest_route=%2Fwp%2Fv2%2Fmedia&parent=85"}],"curies":[{"name":"wp","href":"https:\/\/api.w.org\/{rel}","templated":true}]}}